w + 19, -2*w - 51 = -3*v - 11. Let s = 29 - -39. Calculate the remainder when s is divided by v.
12
Let r = 2224 + -2175. What is the remainder when 1175 is divided by r?
48
Suppose -262 - 8 = -9*s. What is the remainder when 117 is divided by s?
27
Calculate the remainder when 28 is divided by 6 - (-2 - (8 - 5)).
6
What is the remainder when 122 is divided by ((-16)/(-7) - (-20)/(-70)) + 29?
29
Let r = -81 - -134. Let m = r - 34. Calculate the remainder when 27 is divided by m.
8
Suppose -40*k - 15 = -41*k - 3*d, k = 2*d - 5. What is the remainder when 43 is divided by k?
1
What is the remainder when 32/20*10/4 + 64 is divided by 8?
4
Suppose -4 + 108 = 4*x. Let r(b) = 5*b + 0*b - 6 + 3 - 3. Calculate the remainder when x is divided by r(4).
12
Suppose -5*z + 661 = -464. Let x = z + -155. Calculate the remainder when x is divided by 6/((10/4)/5).
10
Let m = -7 - -9. Let g = -6 + 12. What is the remainder when g is divided by m?
0
Let f(a) = 21*a - 167. What is the remainder when f(12) is divided by 5?
0
Let r(d) = 2*d**2 + 8*d + 8. Let x = -38 - -37. Let g(n) = 4*n**3 - n**2 - 3*n - 2. Let s be g(x). What is the remainder when r(s) is divided by 3?
2
Suppose -203 = -11*u + 1282. Calculate the remainder when u is divided by 28.
23
Let d = -22 - -31. Suppose -d = -16*w + 13*w. Suppose 3*t = 5*v - 175, 48 = v + w*t - t. What is the remainder when 74 is divided by v?
36
Let s(j) = j**3 - 7*j**2 - 5*j - 5. Suppose 598 = 3*t + d + 414, -5*t - 4*d + 295 = 0. Calculate the remainder when t is divided by s(8).
6
Suppose 0 = k + 3*p - 913, 0 = 5*k + 5*p - 756 - 3769. Calculate the remainder when k is divided by 21.
19
Let m = 79 - 47. Suppose 0 = q - 3*q + 6. Let u = m + q. What is the remainder when u is divided by 12?
11
Let r = -11 - -9. Let g be (-40)/(-12) - r/3. Let q(x) = -x**3 + 6*x**2 - 5*x + 4. Calculate the remainder when 62 is divided by q(g).
14
Suppose 46*q = 49*q - 354. What is the remainder when q is divided by 19?
4
Calculate the remainder when 173 - (5 - 7)/2 is divided by 60.
54
Suppose g + 3*b - 4 = 0, -4*b + 21 = -3*g + 98. What is the remainder when g is divided by 11?
8
Suppose 6*g + 207 = 9*g. Let h = -42 + g. Suppose -4*o = -3*b - 40, 8*o - b = 3*o + 39. Calculate the remainder when h is divided by o.
6
Let c = -2845 + 2870. Let z(w) = -35*w + 2. What is the remainder when z(-2) is divided by c?
22
Suppose -4*y + 5*y - 34 = 0. Suppose 1543 = 6*j + 1159. Calculate the remainder when j is divided by y.
30
Let n = 29 + -33. Let w be 0 + n + 9 + -12. Let t(j) = -3*j + 11. Calculate the remainder when t(w) is divided by 12.
8
Suppose 0 = -3*l + 15, -k - 2*l = -5*l - 33. Calculate the remainder when k is divided by 7.
6
Suppose -4*i = -3*g - 85, 4*i - 5*i + g + 20 = 0. Calculate the remainder when 124 is divided by i.
24
Let x(k) = 4*k - 2. Let j(t) = t**2 - 7*t + 9. Let g be j(6). Let s = -750 - -757. What is the remainder when x(g) is divided by s?
3
Let v be 1074/12 + 2/(-4). Let j = 156 - v. Calculate the remainder when j is divided by 35.
32
Suppose -4*v + 10 = 5*b - 8, -4*v - 2*b + 24 = 0. What is the remainder when 361 is divided by v?
4
Suppose 0 = -4*f + n + 17, 0*f - n = 4*f - 15. Let r = -3 - 7. Let z = 23 + r. What is the remainder when z is divided by f?
1
Let v(h) be the second derivative of 0 - 5/3*h**3 + 9/2*h**2 + h. What is the remainder when v(-9) is divided by 25?
24
Let l(v) = 5*v + 1. What is the remainder when l(3) is divided by 44/(-55)*75/(-12)?
1
Let v(m) = 4*m**2 - 4*m + 3. Let s be v(2). Let w = 16 - s. Suppose -3*d = -44 + w. Calculate the remainder when 50 is divided by d.
11
Let f = 12 + -6. Let s = f + 8. What is the remainder when (s/3)/((-2)/(-33)) is divided by 20?
17
Suppose -2*i - 4 + 0 = 0, -2*i - 196 = -4*d. What is the remainder when d is divided by 14?
6
Let z(m) = -m**2 + 30*m + 40. What is the remainder when z(18) is divided by 26?
22
Suppose 10 = 5*z - 3*z. Let d = z + 0. What is the remainder when 38 is divided by d?
3
Suppose m - 16 = -3*m. Suppose m*y - 2*l - 46 = 0, -2*y = 5*l - 4 - 1. What is the remainder when 17 is divided by y?
7
Let q(c) be the third derivative of c**6/60 + c**5/60 - c**4/24 - c**3/2 - 19*c**2. What is the remainder when 59 is divided by q(2)?
14
Let a(o) = -150*o + 123. Calculate the remainder when a(-7) is divided by 49.
46
Let h(l) = l**2 + 2*l + 3. Let g = -24 + 41. Let j = g + -8. What is the remainder when j is divided by h(-2)?
0
Suppose 2*z + 4 = 0, 68 = 3*s - z + 12. What is the remainder when 283/4 + 4/16 is divided by s?
17
Suppose 3*a - 2*u - 48 + 1 = 0, a = -4*u + 25. Calculate the remainder when 60 is divided by a.
9
Let f(s) = -34*s + 16. Let d be f(-5). Suppose -y - d = -4*k + y, -k = -4*y - 64. Calculate the remainder when k is divided by 12.
8
Let l(j) = -2*j - 5 - 2*j - j - j**2. Let s be l(-5). Let m(a) = a**2 + 3*a - 1. Calculate the remainder when 17 is divided by m(s).
8
Let y(d) = d**3 - 4*d**2 + 7*d - 27. What is the remainder when y(5) is divided by 14?
5
Let a = -19 + 31. Let f = a - 0. Suppose 9*u - 12*u + f = 0. Calculate the remainder when 10 is divided by u.
2
Let m be 1 - 4 - -7*(-12)/28. Let i(f) = -f**2 + 6*f + 3. What is the remainder when 1*m/9 + (-20)/(-3) is divided by i(6)?
0
Suppose 23*x = 54*x - 5115. Calculate the remainder when x is divided by 53.
6
Suppose 0*h = 3*h + h. Suppose h = -9*k - k + 420. What is the remainder when k is divided by 3?
0
Let v(r) = 23*r - 32. Calculate the remainder when v(3) is divided by 2/12 + -3 + (-260)/(-24).
5
Let x(o) = -6*o - 2. Let g = 9 - 13. Let c be x(g). Let a = c - 16. What is the remainder when 23 is divided by a?
5
Let o(z) = 2*z**2 + 20*z + 44. Calculate the remainder when 60 is divided by o(-8).
0
Suppose -542 = -2*c - 4*m, c - 3*m - 96 = 165. What is the remainder when c is divided by 68?
63
Let g = 1108 + -1056. Calculate the remainder when g is divided by 27.
25
Suppose -9*t + 6*t + 51 = 0. Let v = t - -32. What is the remainder when v is divided by 10?
9
Let v = -38 - -259. What is the remainder when v is divided by 8?
5
Let n = -6 + 8. Calculate the remainder when 21*(2 + -3 + n) is divided by 3 - (28/(-2) + (-35)/(-7)).
9
Let h be ((-6)/(-4))/(15/40). Suppose h*r - 606 + 234 = 0. Suppose 2*w = 5*w - r. What is the remainder when w is divided by 17?
14
Calculate the remainder when -444*(0 + 10/(-12)) is divided by 17.
13
Let j = -744 - -759. What is the remainder when 78 is divided by j?
3
Suppose -5*r + 3*r - 14 = 0. Let d = 7 - r. What is the remainder when 26 is divided by d?
12
Let m = 0 - -6. Let j(s) = -7*s - 7. Let n be j(-3). Suppose -2*b + n + 2 = -2*v, 0 = -5*v - 20. What is the remainder when m is divided by b?
2
Suppose -35*r + 4*r = -2883. Calculate the remainder when 106 is divided by r.
13
What is the remainder when -849*4/(-10) - (-21)/(-35) is divided by 31?
29
Suppose j - 6 + 5 = 0. Let p = j - -2. Suppose z = -8*m + 11*m + 7, 4 = 4*m. Calculate the remainder when z is divided by p.
1
Suppose -2*m + f + 113 = 0, 196 - 201 = 5*f. What is the remainder when 837 is divided by m?
53
Let h(k) be the third derivative of 53*k**4/24 - 17*k**3/6 + 5*k**2. What is the remainder when h(2) is divided by 30?
29
Suppose 0*g + 644 = 14*g. Calculate the remainder when g is divided by 2.
0
Suppose -43*k + 5*a - 500 = -48*k, 0 = 5*k - a - 512. Calculate the remainder when 287 is divided by k.
83
Suppose -1 - 10 = -v. Suppose 93*p - 95*p = -62. Calculate the remainder when p is divided by v.
9
Let v = 26 + -13. Let z be (7/(14/(-16)))/(-2). What is the remainder when v is divided by (z + (4 - 3))*1?
3
Let w(z) = -z**3 - 6*z**2 - 2*z + 2. Let r be (-428)/(-4) - 3/1. Calculate the remainder when (r/(-1))/((-28)/14) is divided by w(-6).
10
Let w be ((-64)/20)/((-2)/(-10)). Calculate the remainder when 6 is divided by w/(-6) - (-2)/(-3).
0
Let q = 86 + 159. What is the remainder when q is divided by 62?
59
Let r(k) = -17*k + 10. Suppose -w - 5 = -0. Let g be r(w). Suppose 0 = -6*b + b + g. Calculate the remainder when 55 is divided by b.
17
Suppose -3*q + 22546 = 5*u, -12 = 5*q - q. Calculate the remainder when u is divided by 96.
95
Let v = 53 - -43. What is the remainder when 330 is divided by v?
42
Suppose 6*c - 9 - 21 = 0. Suppose 5*x = 3*y - 51, 5*x - 8 = c*y - 83. Wha